Last updated on 2020-10-11 01:47:26 CEST.
Flavor | Version | Tinstall | Tcheck | Ttotal | Status | Flags |
---|---|---|---|---|---|---|
r-devel-linux-x86_64-debian-clang | 1.0.1 | 15.73 | 181.04 | 196.77 | OK | |
r-devel-linux-x86_64-debian-gcc | 1.0.1 | 10.45 | 138.45 | 148.90 | OK | |
r-devel-linux-x86_64-fedora-clang | 1.0.1 | 258.46 | NOTE | |||
r-devel-linux-x86_64-fedora-gcc | 1.0.1 | 252.17 | OK | |||
r-devel-windows-ix86+x86_64 | 1.0.1 | 28.00 | 258.00 | 286.00 | OK | |
r-patched-linux-x86_64 | 1.0.1 | 14.25 | 175.36 | 189.61 | OK | |
r-patched-solaris-x86 | 1.0.1 | 311.20 | OK | |||
r-release-linux-x86_64 | 1.0.1 | 11.95 | 174.42 | 186.37 | OK | |
r-release-macos-x86_64 | 1.0.1 | OK | ||||
r-release-windows-ix86+x86_64 | 1.0.1 | 22.00 | 320.00 | 342.00 | OK | |
r-oldrel-macos-x86_64 | 1.0.1 | NOTE | ||||
r-oldrel-windows-ix86+x86_64 | 1.0.1 | 25.00 | 234.00 | 259.00 | OK |
Version: 1.0.1
Check: Rd cross-references
Result: NOTE
Undeclared package ‘VGAM’ in Rd xrefs
Flavor: r-devel-linux-x86_64-fedora-clang
Version: 1.0.1
Check: re-building of vignette outputs
Result: NOTE
Error(s) in re-building vignettes:
--- re-building ‘vignette_mvord2.Rmd’ using rmarkdown
Warning in engine$weave(file, quiet = quiet, encoding = enc) :
Pandoc (>= 1.12.3) and/or pandoc-citeproc not available. Falling back to R Markdown v1.
Loading required package: minqa
Loading required package: BB
Loading required package: ucminf
Loading required package: dfoptim
--- finished re-building ‘vignette_mvord2.Rmd’
--- re-building ‘vignette_mvord.Rnw’ using Sweave
Loading required package: minqa
Loading required package: BB
Loading required package: ucminf
Loading required package: dfoptim
Error: processing vignette 'vignette_mvord.Rnw' failed with diagnostics:
Running 'texi2dvi' on 'vignette_mvord.tex' failed.
LaTeX errors:
!pdfTeX error: pdflatex (file bbm10): Font bbm10 at 657 not found
==> Fatal error occurred, no output PDF file produced!
--- failed re-building 'vignette_mvord.Rnw'
SUMMARY: processing the following file failed:
‘vignette_mvord.Rnw’
Error: Vignette re-building failed.
Execution halted
Flavor: r-oldrel-macos-x86_64