CRAN Package Check Results for Package nLTT

Last updated on 2020-10-11 01:47:27 CEST.

Flavor Version Tinstall Tcheck Ttotal Status Flags
r-devel-linux-x86_64-debian-clang 1.4.3 3.40 82.33 85.73 OK
r-devel-linux-x86_64-debian-gcc 1.4.3 2.52 60.67 63.19 OK
r-devel-linux-x86_64-fedora-clang 1.4.3 113.41 NOTE
r-devel-linux-x86_64-fedora-gcc 1.4.3 108.21 NOTE
r-devel-windows-ix86+x86_64 1.4.3 7.00 86.00 93.00 OK
r-patched-linux-x86_64 1.4.3 3.34 79.23 82.57 OK
r-patched-solaris-x86 1.4.3 142.00 NOTE
r-release-linux-x86_64 1.4.3 2.89 79.12 82.01 OK
r-release-macos-x86_64 1.4.3 NOTE
r-release-windows-ix86+x86_64 1.4.3 5.00 118.00 123.00 OK
r-oldrel-macos-x86_64 1.4.3 NOTE
r-oldrel-windows-ix86+x86_64 1.4.3 5.00 84.00 89.00 OK

Check Details

Version: 1.4.3
Check: dependencies in R code
Result: NOTE
    Namespace in Imports field not imported from: ‘deSolve’
     All declared Imports should be used.
Flavors: r-devel-linux-x86_64-fedora-clang, r-devel-linux-x86_64-fedora-gcc, r-patched-solaris-x86, r-release-macos-x86_64, r-oldrel-macos-x86_64