Last updated on 2020-10-11 01:47:26 CEST.
Flavor | Version | Tinstall | Tcheck | Ttotal | Status | Flags |
---|---|---|---|---|---|---|
r-devel-linux-x86_64-debian-clang | 2020.4.1 | 2.15 | 30.79 | 32.94 | NOTE | |
r-devel-linux-x86_64-debian-gcc | 2020.4.1 | 1.68 | 24.47 | 26.15 | NOTE | |
r-devel-linux-x86_64-fedora-clang | 2020.4.1 | 54.50 | NOTE | |||
r-devel-linux-x86_64-fedora-gcc | 2020.4.1 | 44.47 | NOTE | |||
r-devel-windows-ix86+x86_64 | 2020.4.1 | 9.00 | 44.00 | 53.00 | OK | |
r-patched-linux-x86_64 | 2020.4.1 | 1.91 | 30.23 | 32.14 | NOTE | |
r-patched-solaris-x86 | 2020.4.1 | 60.50 | NOTE | |||
r-release-linux-x86_64 | 2020.4.1 | 1.92 | 30.01 | 31.93 | NOTE | |
r-release-macos-x86_64 | 2020.4.1 | NOTE | ||||
r-release-windows-ix86+x86_64 | 2020.4.1 | 5.00 | 59.00 | 64.00 | OK | |
r-oldrel-macos-x86_64 | 2020.4.1 | OK | ||||
r-oldrel-windows-ix86+x86_64 | 2020.4.1 | 4.00 | 44.00 | 48.00 | OK |
Version: 2020.4.1
Check: package dependencies
Result: NOTE
Package suggested but not available for checking: 're2r'
Flavors: r-devel-linux-x86_64-debian-clang, r-devel-linux-x86_64-debian-gcc, r-devel-linux-x86_64-fedora-clang, r-devel-linux-x86_64-fedora-gcc, r-patched-linux-x86_64, r-patched-solaris-x86, r-release-linux-x86_64, r-release-macos-x86_64