CRAN Package Check Results for Package nanny

Last updated on 2020-10-11 01:47:26 CEST.

Flavor Version Tinstall Tcheck Ttotal Status Flags
r-devel-linux-x86_64-debian-clang 0.1.8 14.03 136.06 150.09 OK
r-devel-linux-x86_64-debian-gcc 0.1.8 13.31 101.95 115.26 OK
r-devel-linux-x86_64-fedora-clang 0.1.8 185.55 NOTE
r-devel-linux-x86_64-fedora-gcc 0.1.8 187.46 NOTE
r-devel-windows-ix86+x86_64 0.1.8 32.00 171.00 203.00 OK
r-patched-linux-x86_64 0.1.8 14.03 129.66 143.69 OK
r-patched-solaris-x86 0.1.8 243.20 NOTE
r-release-linux-x86_64 0.1.8 13.27 126.95 140.22 OK
r-release-macos-x86_64 0.1.8 NOTE
r-release-windows-ix86+x86_64 0.1.8 21.00 171.00 192.00 OK
r-oldrel-macos-x86_64 0.1.8 NOTE
r-oldrel-windows-ix86+x86_64 0.1.8 27.00 117.00 144.00 OK

Check Details

Version: 0.1.8
Check: dependencies in R code
Result: NOTE
    Namespaces in Imports field not imported from:
     ‘knitr’ ‘lifecycle’ ‘lme4’ ‘methods’
     All declared Imports should be used.
Flavors: r-devel-linux-x86_64-fedora-clang, r-devel-linux-x86_64-fedora-gcc, r-patched-solaris-x86, r-release-macos-x86_64, r-oldrel-macos-x86_64