Last updated on 2020-10-11 01:47:26 CEST.
Flavor | Version | Tinstall | Tcheck | Ttotal | Status | Flags |
---|---|---|---|---|---|---|
r-devel-linux-x86_64-debian-clang | 1.17 | 8.91 | 36.54 | 45.45 | OK | |
r-devel-linux-x86_64-debian-gcc | 1.17 | 6.62 | 27.88 | 34.50 | OK | |
r-devel-linux-x86_64-fedora-clang | 1.17 | 67.05 | OK | |||
r-devel-linux-x86_64-fedora-gcc | 1.17 | 57.45 | OK | |||
r-devel-windows-ix86+x86_64 | 1.17 | 18.00 | 90.00 | 108.00 | NOTE | |
r-patched-linux-x86_64 | 1.17 | 8.94 | 34.72 | 43.66 | OK | |
r-patched-solaris-x86 | 1.17 | 64.80 | OK | |||
r-release-linux-x86_64 | 1.17 | 8.93 | 34.12 | 43.05 | OK | |
r-release-macos-x86_64 | 1.17 | NOTE | ||||
r-release-windows-ix86+x86_64 | 1.17 | 24.00 | 92.00 | 116.00 | NOTE | |
r-oldrel-macos-x86_64 | 1.17 | NOTE | ||||
r-oldrel-windows-ix86+x86_64 | 1.17 | 27.00 | 98.00 | 125.00 | NOTE |
Version: 1.17
Check: installed package size
Result: NOTE
installed size is 8.7Mb
sub-directories of 1Mb or more:
libs 8.4Mb
Flavors: r-devel-windows-ix86+x86_64, r-release-macos-x86_64, r-release-windows-ix86+x86_64, r-oldrel-macos-x86_64, r-oldrel-windows-ix86+x86_64