Last updated on 2020-10-11 01:47:27 CEST.
Flavor | Version | Tinstall | Tcheck | Ttotal | Status | Flags |
---|---|---|---|---|---|---|
r-devel-linux-x86_64-debian-clang | 0.2.2 | 9.25 | 68.18 | 77.43 | OK | |
r-devel-linux-x86_64-debian-gcc | 0.2.2 | 7.95 | 52.67 | 60.62 | OK | |
r-devel-linux-x86_64-fedora-clang | 0.2.2 | 101.88 | NOTE | |||
r-devel-linux-x86_64-fedora-gcc | 0.2.2 | 108.66 | NOTE | |||
r-devel-windows-ix86+x86_64 | 0.2.2 | 22.00 | 74.00 | 96.00 | OK | |
r-patched-linux-x86_64 | 0.2.2 | 6.14 | 64.02 | 70.16 | OK | |
r-patched-solaris-x86 | 0.2.2 | 142.60 | NOTE | |||
r-release-linux-x86_64 | 0.2.2 | 7.74 | 63.81 | 71.55 | OK | |
r-release-macos-x86_64 | 0.2.2 | NOTE | ||||
r-release-windows-ix86+x86_64 | 0.2.2 | 14.00 | 96.00 | 110.00 | OK | |
r-oldrel-macos-x86_64 | 0.2.2 | NOTE | ||||
r-oldrel-windows-ix86+x86_64 | 0.2.2 | 17.00 | 67.00 | 84.00 | OK |
Version: 0.2.2
Check: data for non-ASCII characters
Result: NOTE
Note: found 2 marked Latin-1 strings
Flavors: r-devel-linux-x86_64-fedora-clang, r-devel-linux-x86_64-fedora-gcc, r-patched-solaris-x86, r-release-macos-x86_64, r-oldrel-macos-x86_64