Last updated on 2020-10-11 01:47:27 CEST.
Flavor | Version | Tinstall | Tcheck | Ttotal | Status | Flags |
---|---|---|---|---|---|---|
r-devel-linux-x86_64-debian-clang | 0.7.2 | 11.69 | 109.69 | 121.38 | OK | |
r-devel-linux-x86_64-debian-gcc | 0.7.2 | 9.10 | 82.56 | 91.66 | OK | |
r-devel-linux-x86_64-fedora-clang | 0.7.2 | 150.90 | NOTE | |||
r-devel-linux-x86_64-fedora-gcc | 0.7.2 | 140.60 | NOTE | |||
r-devel-windows-ix86+x86_64 | 0.7.2 | 29.00 | 105.00 | 134.00 | OK | |
r-patched-linux-x86_64 | 0.7.2 | 9.48 | 100.72 | 110.20 | OK | |
r-patched-solaris-x86 | 0.7.2 | 206.60 | NOTE | |||
r-release-linux-x86_64 | 0.7.2 | 9.13 | 101.04 | 110.17 | OK | |
r-release-macos-x86_64 | 0.7.2 | NOTE | ||||
r-release-windows-ix86+x86_64 | 0.7.2 | 19.00 | 137.00 | 156.00 | OK | |
r-oldrel-macos-x86_64 | 0.7.2 | NOTE | ||||
r-oldrel-windows-ix86+x86_64 | 0.7.2 | 21.00 | 90.00 | 111.00 | OK |
Version: 0.7.2
Check: dependencies in R code
Result: NOTE
Namespace in Imports field not imported from: ‘stringi’
All declared Imports should be used.
Flavors: r-devel-linux-x86_64-fedora-clang, r-devel-linux-x86_64-fedora-gcc, r-patched-solaris-x86, r-release-macos-x86_64, r-oldrel-macos-x86_64
Version: 0.7.2
Check: data for non-ASCII characters
Result: NOTE
Note: found 4485 marked UTF-8 strings
Flavors: r-devel-linux-x86_64-fedora-clang, r-devel-linux-x86_64-fedora-gcc, r-patched-solaris-x86, r-release-macos-x86_64, r-oldrel-macos-x86_64