Last updated on 2020-10-11 01:47:27 CEST.
Flavor | Version | Tinstall | Tcheck | Ttotal | Status | Flags |
---|---|---|---|---|---|---|
r-devel-linux-x86_64-debian-clang | 1.8.1 | 6.72 | 63.21 | 69.93 | OK | |
r-devel-linux-x86_64-debian-gcc | 1.8.1 | 5.73 | 47.78 | 53.51 | OK | |
r-devel-linux-x86_64-fedora-clang | 1.8.1 | 95.21 | OK | |||
r-devel-linux-x86_64-fedora-gcc | 1.8.1 | 91.55 | OK | |||
r-devel-windows-ix86+x86_64 | 1.8.1 | 18.00 | 66.00 | 84.00 | OK | |
r-patched-linux-x86_64 | 1.8.1 | 7.57 | 59.53 | 67.10 | OK | |
r-patched-solaris-x86 | 1.8.1 | 121.70 | NOTE | |||
r-release-linux-x86_64 | 1.8.1 | 7.33 | 59.17 | 66.50 | OK | |
r-release-macos-x86_64 | 1.8.1 | OK | ||||
r-release-windows-ix86+x86_64 | 1.8.1 | 13.00 | 88.00 | 101.00 | OK | |
r-oldrel-macos-x86_64 | 1.8.1 | OK | ||||
r-oldrel-windows-ix86+x86_64 | 1.8.1 | 13.00 | 60.00 | 73.00 | OK |
Version: 1.8.1
Check: package dependencies
Result: NOTE
Package suggested but not available for checking: ‘arrow’
Flavor: r-patched-solaris-x86