Last updated on 2020-10-11 01:47:27 CEST.
Flavor | Version | Tinstall | Tcheck | Ttotal | Status | Flags |
---|---|---|---|---|---|---|
r-devel-linux-x86_64-debian-clang | 0.2.10 | 148.84 | 119.78 | 268.62 | OK | |
r-devel-linux-x86_64-debian-gcc | 0.2.10 | 107.84 | 91.56 | 199.40 | OK | |
r-devel-linux-x86_64-fedora-clang | 0.2.10 | 391.57 | NOTE | |||
r-devel-linux-x86_64-fedora-gcc | 0.2.10 | 359.13 | OK | |||
r-devel-windows-ix86+x86_64 | 0.2.10 | 367.00 | 162.00 | 529.00 | OK | |
r-patched-linux-x86_64 | 0.2.10 | 135.82 | 113.33 | 249.15 | OK | |
r-patched-solaris-x86 | 0.2.10 | 373.00 | OK | |||
r-release-linux-x86_64 | 0.2.10 | 137.65 | 113.13 | 250.78 | OK | |
r-release-macos-x86_64 | 0.2.10 | OK | ||||
r-release-windows-ix86+x86_64 | 0.2.10 | 265.00 | 203.00 | 468.00 | OK | |
r-oldrel-macos-x86_64 | 0.2.10 | WARN | ||||
r-oldrel-windows-ix86+x86_64 | 0.2.10 | 325.00 | 138.00 | 463.00 | OK |
Version: 0.2.10
Check: installed package size
Result: NOTE
installed size is 5.5Mb
sub-directories of 1Mb or more:
libs 4.8Mb
Flavor: r-devel-linux-x86_64-fedora-clang
Version: 0.2.10
Check: whether package can be installed
Result: WARN
Found the following significant warnings:
Warning: 'rgl.init' failed, running with 'rgl.useNULL = TRUE'.
Flavor: r-oldrel-macos-x86_64