Last updated on 2020-10-11 01:47:27 CEST.
Flavor | Version | Tinstall | Tcheck | Ttotal | Status | Flags |
---|---|---|---|---|---|---|
r-devel-linux-x86_64-debian-clang | 0.60-10 | 67.50 | 460.01 | 527.51 | OK | |
r-devel-linux-x86_64-debian-gcc | 0.60-10 | 47.87 | 338.62 | 386.49 | OK | |
r-devel-linux-x86_64-fedora-clang | 0.60-10 | 628.15 | NOTE | |||
r-devel-linux-x86_64-fedora-gcc | 0.60-10 | 591.72 | OK | |||
r-devel-windows-ix86+x86_64 | 0.60-10 | 130.00 | 163.00 | 293.00 | OK | --no-examples --no-tests --no-vignettes |
r-patched-linux-x86_64 | 0.60-10 | 55.55 | 443.32 | 498.87 | OK | |
r-patched-solaris-x86 | 0.60-10 | 943.60 | OK | |||
r-release-linux-x86_64 | 0.60-10 | 56.78 | 441.87 | 498.65 | OK | |
r-release-macos-x86_64 | 0.60-10 | OK | ||||
r-release-windows-ix86+x86_64 | 0.60-10 | 101.00 | 205.00 | 306.00 | OK | --no-examples --no-tests --no-vignettes |
r-oldrel-macos-x86_64 | 0.60-10 | OK | ||||
r-oldrel-windows-ix86+x86_64 | 0.60-10 | 117.00 | 173.00 | 290.00 | OK | --no-examples --no-tests --no-vignettes |
Version: 0.60-10
Check: Rd cross-references
Result: NOTE
Undeclared packages ‘logspline’, ‘ks’ in Rd xrefs
Flavor: r-devel-linux-x86_64-fedora-clang