Last updated on 2020-10-11 01:47:27 CEST.
Flavor | Version | Tinstall | Tcheck | Ttotal | Status | Flags |
---|---|---|---|---|---|---|
r-devel-linux-x86_64-debian-clang | 0.1.2 | 4.13 | 40.55 | 44.68 | OK | |
r-devel-linux-x86_64-debian-gcc | 0.1.2 | 3.02 | 32.00 | 35.02 | OK | |
r-devel-linux-x86_64-fedora-clang | 0.1.2 | 62.09 | NOTE | |||
r-devel-linux-x86_64-fedora-gcc | 0.1.2 | 57.19 | OK | |||
r-devel-windows-ix86+x86_64 | 0.1.2 | 12.00 | 48.00 | 60.00 | OK | |
r-patched-linux-x86_64 | 0.1.2 | 3.99 | 38.71 | 42.70 | OK | |
r-patched-solaris-x86 | 0.1.2 | 80.40 | OK | |||
r-release-linux-x86_64 | 0.1.2 | 3.98 | 38.53 | 42.51 | OK | |
r-release-macos-x86_64 | 0.1.2 | OK | ||||
r-release-windows-ix86+x86_64 | 0.1.2 | 9.00 | 63.00 | 72.00 | OK | |
r-oldrel-macos-x86_64 | 0.1.2 | OK | ||||
r-oldrel-windows-ix86+x86_64 | 0.1.2 | 9.00 | 43.00 | 52.00 | OK |
Version: 0.1.2
Check: Rd cross-references
Result: NOTE
Undeclared packages ‘ensurer’, ‘validate’ in Rd xrefs
Flavor: r-devel-linux-x86_64-fedora-clang