Last updated on 2020-10-11 01:47:27 CEST.
Flavor | Version | Tinstall | Tcheck | Ttotal | Status | Flags |
---|---|---|---|---|---|---|
r-devel-linux-x86_64-debian-clang | 1.0.4 | 16.09 | 203.35 | 219.44 | OK | |
r-devel-linux-x86_64-debian-gcc | 1.0.4 | 13.47 | 150.61 | 164.08 | OK | |
r-devel-linux-x86_64-fedora-clang | 1.0.4 | 263.19 | OK | |||
r-devel-linux-x86_64-fedora-gcc | 1.0.4 | 275.71 | OK | |||
r-devel-windows-ix86+x86_64 | 1.0.4 | 40.00 | 204.00 | 244.00 | OK | |
r-patched-linux-x86_64 | 1.0.4 | 16.61 | 187.10 | 203.71 | OK | |
r-patched-solaris-x86 | 1.0.4 | 327.00 | OK | |||
r-release-linux-x86_64 | 1.0.4 | 15.83 | 192.62 | 208.45 | OK | |
r-release-macos-x86_64 | 1.0.4 | ERROR | ||||
r-release-windows-ix86+x86_64 | 1.0.4 | 26.00 | 266.00 | 292.00 | OK | |
r-oldrel-macos-x86_64 | 1.0.4 | OK | ||||
r-oldrel-windows-ix86+x86_64 | 1.0.4 | 34.00 | 176.00 | 210.00 | OK |
Version: 1.0.4
Check: package dependencies
Result: ERROR
Package required but not available: ‘KEGGREST’
See section ‘The DESCRIPTION file’ in the ‘Writing R Extensions’
manual.
Flavor: r-release-macos-x86_64