Last updated on 2020-10-11 01:47:27 CEST.
Flavor | Version | Tinstall | Tcheck | Ttotal | Status | Flags |
---|---|---|---|---|---|---|
r-devel-linux-x86_64-debian-clang | 1.3.1 | 50.39 | 68.85 | 119.24 | OK | |
r-devel-linux-x86_64-debian-gcc | 1.3.1 | 38.13 | 53.64 | 91.77 | OK | |
r-devel-linux-x86_64-fedora-clang | 1.3.1 | 167.72 | NOTE | |||
r-devel-linux-x86_64-fedora-gcc | 1.3.1 | 157.36 | NOTE | |||
r-devel-windows-ix86+x86_64 | 1.3.1 | 131.00 | 109.00 | 240.00 | OK | |
r-patched-linux-x86_64 | 1.3.1 | 46.65 | 65.45 | 112.10 | OK | |
r-patched-solaris-x86 | 1.3.1 | 172.30 | OK | |||
r-release-linux-x86_64 | 1.3.1 | 45.70 | 65.85 | 111.55 | OK | |
r-release-macos-x86_64 | 1.3.1 | OK | ||||
r-release-windows-ix86+x86_64 | 1.3.1 | 102.00 | 146.00 | 248.00 | OK | |
r-oldrel-macos-x86_64 | 1.3.1 | OK | ||||
r-oldrel-windows-ix86+x86_64 | 1.3.1 | 112.00 | 91.00 | 203.00 | OK |
Version: 1.3.1
Check: compiled code
Result: NOTE
File ‘onlinePCA/libs/onlinePCA.so’:
Found no calls to: ‘R_registerRoutines’, ‘R_useDynamicSymbols’
It is good practice to register native routines and to disable symbol
search.
See ‘Writing portable packages’ in the ‘Writing R Extensions’ manual.
Flavors: r-devel-linux-x86_64-fedora-clang, r-devel-linux-x86_64-fedora-gcc