Last updated on 2020-10-11 01:47:27 CEST.
Flavor | Version | Tinstall | Tcheck | Ttotal | Status | Flags |
---|---|---|---|---|---|---|
r-devel-linux-x86_64-debian-clang | 1.0.2 | 243.48 | 153.19 | 396.67 | NOTE | |
r-devel-linux-x86_64-debian-gcc | 1.0.2 | 190.57 | 117.75 | 308.32 | NOTE | |
r-devel-linux-x86_64-fedora-clang | 1.0.2 | 550.20 | NOTE | |||
r-devel-linux-x86_64-fedora-gcc | 1.0.2 | 557.55 | NOTE | |||
r-devel-windows-ix86+x86_64 | 1.0.2 | 569.00 | 255.00 | 824.00 | NOTE | |
r-patched-linux-x86_64 | 1.0.2 | 231.47 | 146.99 | 378.46 | NOTE | |
r-patched-solaris-x86 | 1.0.2 | 503.50 | NOTE | |||
r-release-linux-x86_64 | 1.0.2 | 233.90 | 145.21 | 379.11 | NOTE | |
r-release-macos-x86_64 | 1.0.2 | NOTE | ||||
r-release-windows-ix86+x86_64 | 1.0.2 | 428.00 | 312.00 | 740.00 | NOTE | |
r-oldrel-macos-x86_64 | 1.0.2 | NOTE | ||||
r-oldrel-windows-ix86+x86_64 | 1.0.2 | 509.00 | 219.00 | 728.00 | NOTE |
Version: 1.0.2
Check: package dependencies
Result: NOTE
Package suggested but not available for checking: 'gurobi'
Flavors: r-devel-linux-x86_64-debian-clang, r-devel-linux-x86_64-debian-gcc, r-devel-linux-x86_64-fedora-clang, r-devel-linux-x86_64-fedora-gcc, r-devel-windows-ix86+x86_64, r-patched-linux-x86_64, r-release-linux-x86_64, r-release-windows-ix86+x86_64, r-oldrel-windows-ix86+x86_64
Version: 1.0.2
Check: installed package size
Result: NOTE
installed size is 10.9Mb
sub-directories of 1Mb or more:
libs 9.2Mb
Flavors: r-devel-linux-x86_64-fedora-clang, r-release-macos-x86_64, r-oldrel-macos-x86_64
Version: 1.0.2
Check: package dependencies
Result: NOTE
Packages suggested but not available for checking:
'gurobi', 'Rsymphony', 'lpsymphony'
Flavor: r-patched-solaris-x86
Version: 1.0.2
Check: package dependencies
Result: NOTE
Packages suggested but not available for checking:
'gurobi', 'ggtree', 'Rsymphony', 'lpsymphony'
Flavor: r-release-macos-x86_64
Version: 1.0.2
Check: Rd cross-references
Result: NOTE
Package unavailable to check Rd xrefs: ‘ggtree’
Flavor: r-release-macos-x86_64
Version: 1.0.2
Check: package dependencies
Result: NOTE
Packages suggested but not available for checking: 'gurobi', 'Rsymphony'
Flavor: r-oldrel-macos-x86_64