CRAN Package Check Results for Package originr

Last updated on 2020-10-11 01:47:27 CEST.

Flavor Version Tinstall Tcheck Ttotal Status Flags
r-devel-linux-x86_64-debian-clang 0.4.0 5.87 46.86 52.73 OK
r-devel-linux-x86_64-debian-gcc 0.4.0 4.38 35.42 39.80 OK
r-devel-linux-x86_64-fedora-clang 0.4.0 71.30 NOTE
r-devel-linux-x86_64-fedora-gcc 0.4.0 63.37 NOTE
r-devel-windows-ix86+x86_64 0.4.0 14.00 55.00 69.00 OK
r-patched-linux-x86_64 0.4.0 4.98 43.48 48.46 OK
r-patched-solaris-x86 0.4.0 101.40 NOTE
r-release-linux-x86_64 0.4.0 4.87 43.80 48.67 OK
r-release-macos-x86_64 0.4.0 NOTE
r-release-windows-ix86+x86_64 0.4.0 10.00 73.00 83.00 OK
r-oldrel-macos-x86_64 0.4.0 NOTE
r-oldrel-windows-ix86+x86_64 0.4.0 11.00 52.00 63.00 OK

Check Details

Version: 0.4.0
Check: data for non-ASCII characters
Result: NOTE
     Note: found 2 marked UTF-8 strings
Flavors: r-devel-linux-x86_64-fedora-clang, r-devel-linux-x86_64-fedora-gcc, r-patched-solaris-x86, r-release-macos-x86_64, r-oldrel-macos-x86_64