CRAN Package Check Results for Package parallelSVM

Last updated on 2020-10-11 01:47:28 CEST.

Flavor Version Tinstall Tcheck Ttotal Status Flags
r-devel-linux-x86_64-debian-clang 0.1-9 2.63 25.03 27.66 NOTE
r-devel-linux-x86_64-debian-gcc 0.1-9 1.88 19.79 21.67 NOTE
r-devel-linux-x86_64-fedora-clang 0.1-9 42.32 NOTE
r-devel-linux-x86_64-fedora-gcc 0.1-9 34.78 NOTE
r-devel-windows-ix86+x86_64 0.1-9 5.00 34.00 39.00 NOTE
r-patched-linux-x86_64 0.1-9 2.45 24.27 26.72 NOTE
r-patched-solaris-x86 0.1-9 50.30 NOTE
r-release-linux-x86_64 0.1-9 2.51 24.40 26.91 NOTE
r-release-macos-x86_64 0.1-9 NOTE
r-release-windows-ix86+x86_64 0.1-9 5.00 47.00 52.00 NOTE
r-oldrel-macos-x86_64 0.1-9 NOTE
r-oldrel-windows-ix86+x86_64 0.1-9 4.00 30.00 34.00 NOTE

Check Details

Version: 0.1-9
Check: R code for possible problems
Result: NOTE
    parallelSVM.default: no visible binding for global variable 'na.omit'
    parallelSVM.formula: no visible binding for global variable 'na.omit'
    predict.parallelSVM: no visible binding for global variable 'predict'
    Undefined global functions or variables:
     na.omit predict
    Consider adding
     importFrom("stats", "na.omit", "predict")
    to your NAMESPACE file.
Flavors: r-devel-linux-x86_64-debian-clang, r-devel-linux-x86_64-debian-gcc, r-devel-linux-x86_64-fedora-clang, r-devel-linux-x86_64-fedora-gcc, r-devel-windows-ix86+x86_64, r-patched-linux-x86_64, r-patched-solaris-x86, r-release-linux-x86_64, r-release-macos-x86_64, r-release-windows-ix86+x86_64, r-oldrel-macos-x86_64, r-oldrel-windows-ix86+x86_64