CRAN Package Check Results for Package parsemsf

Last updated on 2020-10-11 01:47:28 CEST.

Flavor Version Tinstall Tcheck Ttotal Status Flags
r-devel-linux-x86_64-debian-clang 0.1.1 4.02 53.30 57.32 OK
r-devel-linux-x86_64-debian-gcc 0.1.1 3.51 40.93 44.44 OK
r-devel-linux-x86_64-fedora-clang 0.1.1 77.67 NOTE
r-devel-linux-x86_64-fedora-gcc 0.1.1 72.72 NOTE
r-devel-windows-ix86+x86_64 0.1.1 11.00 62.00 73.00 OK
r-patched-linux-x86_64 0.1.1 4.27 51.44 55.71 OK
r-patched-solaris-x86 0.1.1 105.30 NOTE
r-release-linux-x86_64 0.1.1 4.34 51.32 55.66 OK
r-release-macos-x86_64 0.1.1 NOTE
r-release-windows-ix86+x86_64 0.1.1 8.00 87.00 95.00 OK
r-oldrel-macos-x86_64 0.1.1 NOTE
r-oldrel-windows-ix86+x86_64 0.1.1 8.00 54.00 62.00 OK

Check Details

Version: 0.1.1
Check: dependencies in R code
Result: NOTE
    Namespace in Imports field not imported from: ‘dbplyr’
     All declared Imports should be used.
Flavors: r-devel-linux-x86_64-fedora-clang, r-devel-linux-x86_64-fedora-gcc, r-patched-solaris-x86, r-release-macos-x86_64, r-oldrel-macos-x86_64