Last updated on 2020-10-11 01:47:28 CEST.
Flavor | Version | Tinstall | Tcheck | Ttotal | Status | Flags |
---|---|---|---|---|---|---|
r-devel-linux-x86_64-debian-clang | 1.3-5 | 21.57 | 198.02 | 219.59 | OK | |
r-devel-linux-x86_64-debian-gcc | 1.3-5 | 15.28 | 149.81 | 165.09 | OK | |
r-devel-linux-x86_64-fedora-clang | 1.3-5 | 270.02 | NOTE | |||
r-devel-linux-x86_64-fedora-gcc | 1.3-5 | 262.64 | OK | |||
r-devel-windows-ix86+x86_64 | 1.3-5 | 50.00 | 284.00 | 334.00 | OK | |
r-patched-linux-x86_64 | 1.3-5 | 18.91 | 185.15 | 204.06 | OK | |
r-patched-solaris-x86 | 1.3-5 | 386.10 | OK | |||
r-release-linux-x86_64 | 1.3-5 | 17.87 | 185.73 | 203.60 | OK | |
r-release-macos-x86_64 | 1.3-5 | OK | ||||
r-release-windows-ix86+x86_64 | 1.3-5 | 41.00 | 363.00 | 404.00 | OK | |
r-oldrel-macos-x86_64 | 1.3-5 | OK | ||||
r-oldrel-windows-ix86+x86_64 | 1.3-5 | 46.00 | 254.00 | 300.00 | OK |
Version: 1.3-5
Check: Rd cross-references
Result: NOTE
Undeclared package ‘randomForest’ in Rd xrefs
Flavor: r-devel-linux-x86_64-fedora-clang