Last updated on 2020-10-11 01:47:28 CEST.
Flavor | Version | Tinstall | Tcheck | Ttotal | Status | Flags |
---|---|---|---|---|---|---|
r-devel-linux-x86_64-debian-clang | 1.5.1 | 10.87 | 441.29 | 452.16 | OK | |
r-devel-linux-x86_64-debian-gcc | 1.5.1 | 9.90 | 346.09 | 355.99 | OK | |
r-devel-linux-x86_64-fedora-clang | 1.5.1 | 558.41 | OK | |||
r-devel-linux-x86_64-fedora-gcc | 1.5.1 | 598.71 | OK | |||
r-devel-windows-ix86+x86_64 | 1.5.1 | 26.00 | 544.00 | 570.00 | OK | |
r-patched-linux-x86_64 | 1.5.1 | 8.18 | 441.78 | 449.96 | OK | |
r-release-linux-x86_64 | 1.5.1 | 8.07 | 435.98 | 444.05 | OK | |
r-release-macos-x86_64 | 1.5.1 | ERROR | ||||
r-release-windows-ix86+x86_64 | 1.5.1 | 19.00 | 554.00 | 573.00 | OK | |
r-oldrel-macos-x86_64 | 1.5.1 | ERROR | ||||
r-oldrel-windows-ix86+x86_64 | 1.4.2 | 68.00 | 487.00 | 555.00 | NOTE |
Version: 1.5.1
Check: package dependencies
Result: ERROR
Packages required but not available: 'KEGGREST', 'KEGGgraph'
See section ‘The DESCRIPTION file’ in the ‘Writing R Extensions’
manual.
Flavor: r-release-macos-x86_64
Version: 1.5.1
Check: package dependencies
Result: ERROR
Packages required but not available: 'pathfindR.data', 'org.Hs.eg.db'
See section ‘The DESCRIPTION file’ in the ‘Writing R Extensions’
manual.
Flavor: r-oldrel-macos-x86_64
Version: 1.4.2
Check: installed package size
Result: NOTE
installed size is 6.3Mb
sub-directories of 1Mb or more:
R 2.6Mb
data 1.2Mb
doc 2.1Mb
Flavor: r-oldrel-windows-ix86+x86_64