Last updated on 2020-10-11 01:47:28 CEST.
Flavor | Version | Tinstall | Tcheck | Ttotal | Status | Flags |
---|---|---|---|---|---|---|
r-devel-linux-x86_64-debian-clang | 2.2-13 | 24.67 | 97.33 | 122.00 | OK | |
r-devel-linux-x86_64-debian-gcc | 2.2-13 | 18.96 | 74.62 | 93.58 | OK | |
r-devel-linux-x86_64-fedora-clang | 2.2-13 | 166.32 | OK | |||
r-devel-linux-x86_64-fedora-gcc | 2.2-13 | 156.91 | OK | |||
r-devel-windows-ix86+x86_64 | 2.2-13 | 56.00 | 116.00 | 172.00 | OK | |
r-patched-linux-x86_64 | 2.2-13 | 24.08 | 91.63 | 115.71 | OK | |
r-patched-solaris-x86 | 2.2-13 | 208.40 | OK | |||
r-release-linux-x86_64 | 2.2-13 | 24.88 | 91.48 | 116.36 | OK | |
r-release-macos-x86_64 | 2.2-13 | OK | ||||
r-release-windows-ix86+x86_64 | 2.2-13 | 46.00 | 147.00 | 193.00 | OK | |
r-oldrel-macos-x86_64 | 2.2-13 | FAIL | ||||
r-oldrel-windows-ix86+x86_64 | 2.2-13 | 46.00 | 127.00 | 173.00 | OK |
Version: 2.2-13
Check: whether package can be installed
Result: FAIL
Flavor: r-oldrel-macos-x86_64