CRAN Package Check Results for Package pbdSLAP

Last updated on 2020-10-11 01:47:28 CEST.

Flavor Version Tinstall Tcheck Ttotal Status Flags
r-devel-linux-x86_64-debian-clang 0.3-0 146.61 50.80 197.41 OK
r-devel-linux-x86_64-debian-gcc 0.3-0 118.14 40.42 158.56 OK
r-devel-linux-x86_64-fedora-clang 0.3-0 270.85 NOTE
r-devel-linux-x86_64-fedora-gcc 0.3-0 267.40 OK
r-devel-windows-ix86+x86_64 0.3-0 407.00 102.00 509.00 NOTE
r-patched-linux-x86_64 0.3-0 141.36 48.91 190.27 OK
r-patched-solaris-x86 0.3-0 288.60 NOTE
r-release-linux-x86_64 0.3-0 139.06 49.03 188.09 OK
r-release-macos-x86_64 0.3-0 ERROR
r-release-windows-ix86+x86_64 0.3-0 452.00 99.00 551.00 NOTE
r-oldrel-macos-x86_64 0.3-0 ERROR
r-oldrel-windows-ix86+x86_64 0.3-0 446.00 83.00 529.00 NOTE

Additional issues

gcc11

Check Details

Version: 0.3-0
Check: installed package size
Result: NOTE
     installed size is 10.4Mb
     sub-directories of 1Mb or more:
     lib 9.9Mb
Flavors: r-devel-linux-x86_64-fedora-clang, r-devel-windows-ix86+x86_64, r-patched-solaris-x86, r-release-windows-ix86+x86_64, r-oldrel-windows-ix86+x86_64

Version: 0.3-0
Check: package dependencies
Result: ERROR
    Package required but not available: ‘pbdMPI’
    
    See section ‘The DESCRIPTION file’ in the ‘Writing R Extensions’
    manual.
Flavors: r-release-macos-x86_64, r-oldrel-macos-x86_64