CRAN Package Check Results for Package pcadapt

Last updated on 2020-10-11 01:47:28 CEST.

Flavor Version Tinstall Tcheck Ttotal Status Flags
r-devel-linux-x86_64-debian-clang 4.3.3 97.92 47.55 145.47 OK
r-devel-linux-x86_64-debian-gcc 4.3.3 67.66 35.97 103.63 OK
r-devel-linux-x86_64-fedora-clang 4.3.3 211.25 NOTE
r-devel-linux-x86_64-fedora-gcc 4.3.3 188.89 OK
r-devel-windows-ix86+x86_64 4.3.3 264.00 84.00 348.00 NOTE
r-patched-linux-x86_64 4.3.3 86.64 45.57 132.21 OK
r-patched-solaris-x86 4.3.3 165.50 OK
r-release-linux-x86_64 4.3.3 88.89 44.91 133.80 OK
r-release-macos-x86_64 4.3.3 NOTE
r-release-windows-ix86+x86_64 4.3.3 210.00 111.00 321.00 NOTE
r-oldrel-macos-x86_64 4.3.3 NOTE
r-oldrel-windows-ix86+x86_64 4.3.3 229.00 67.00 296.00 NOTE

Check Details

Version: 4.3.3
Check: installed package size
Result: NOTE
     installed size is 7.1Mb
     sub-directories of 1Mb or more:
     extdata 2.7Mb
     libs 3.6Mb
Flavors: r-devel-linux-x86_64-fedora-clang, r-devel-windows-ix86+x86_64, r-release-macos-x86_64, r-release-windows-ix86+x86_64, r-oldrel-macos-x86_64, r-oldrel-windows-ix86+x86_64

Version: 4.3.3
Check: package dependencies
Result: NOTE
    Package suggested but not available for checking: ‘vcfR’
Flavor: r-release-macos-x86_64