Last updated on 2020-10-11 01:47:28 CEST.
Flavor | Version | Tinstall | Tcheck | Ttotal | Status | Flags |
---|---|---|---|---|---|---|
r-devel-linux-x86_64-debian-clang | 2.6-12 | 112.60 | 444.76 | 557.36 | OK | |
r-devel-linux-x86_64-debian-gcc | 2.6-12 | 90.14 | 331.37 | 421.51 | OK | |
r-devel-linux-x86_64-fedora-clang | 2.6-12 | 688.86 | NOTE | |||
r-devel-linux-x86_64-fedora-gcc | 2.6-12 | 588.87 | OK | |||
r-devel-windows-ix86+x86_64 | 2.6-12 | 250.00 | 877.00 | 1127.00 | NOTE | |
r-patched-linux-x86_64 | 2.6-12 | 110.59 | 426.39 | 536.98 | OK | |
r-patched-solaris-x86 | 2.6-12 | 811.50 | NOTE | |||
r-release-linux-x86_64 | 2.6-12 | 106.68 | 426.55 | 533.23 | OK | |
r-release-macos-x86_64 | 2.6-12 | NOTE | ||||
r-release-windows-ix86+x86_64 | 2.6-12 | 195.00 | 796.00 | 991.00 | NOTE | |
r-oldrel-macos-x86_64 | 2.6-12 | NOTE | ||||
r-oldrel-windows-ix86+x86_64 | 2.6-12 | 218.00 | 592.00 | 810.00 | NOTE |
Version: 2.6-12
Check: installed package size
Result: NOTE
installed size is 12.9Mb
sub-directories of 1Mb or more:
data 2.1Mb
libs 7.6Mb
Flavors: r-devel-linux-x86_64-fedora-clang, r-devel-windows-ix86+x86_64, r-patched-solaris-x86, r-release-macos-x86_64, r-release-windows-ix86+x86_64, r-oldrel-macos-x86_64, r-oldrel-windows-ix86+x86_64
Version: 2.6-12
Check: Rd cross-references
Result: NOTE
Undeclared packages ‘combinat’, ‘unifDAG’ in Rd xrefs
Flavor: r-devel-linux-x86_64-fedora-clang