Last updated on 2020-10-11 01:47:28 CEST.
Flavor | Version | Tinstall | Tcheck | Ttotal | Status | Flags |
---|---|---|---|---|---|---|
r-devel-linux-x86_64-debian-clang | 0.1.1 | 48.46 | 457.83 | 506.29 | OK | |
r-devel-linux-x86_64-debian-gcc | 0.1.1 | 33.42 | 335.60 | 369.02 | OK | |
r-devel-linux-x86_64-fedora-clang | 0.1.1 | 607.84 | NOTE | |||
r-devel-linux-x86_64-fedora-gcc | 0.1.1 | 662.12 | OK | |||
r-devel-windows-ix86+x86_64 | 0.1.1 | 53.00 | 486.00 | 539.00 | OK | |
r-patched-linux-x86_64 | 0.1.1 | 45.78 | 441.79 | 487.57 | OK | |
r-patched-solaris-x86 | 0.1.1 | 896.10 | OK | |||
r-release-linux-x86_64 | 0.1.1 | 45.50 | 437.08 | 482.58 | OK | |
r-release-macos-x86_64 | 0.1.1 | OK | ||||
r-release-windows-ix86+x86_64 | 0.1.1 | 35.00 | 479.00 | 514.00 | OK | |
r-oldrel-macos-x86_64 | 0.1.1 | OK | ||||
r-oldrel-windows-ix86+x86_64 | 0.1.1 | 46.00 | 337.00 | 383.00 | OK |
Version: 0.1.1
Check: Rd cross-references
Result: NOTE
Undeclared package ‘spatstat’ in Rd xrefs
Flavor: r-devel-linux-x86_64-fedora-clang