Last updated on 2020-10-11 01:47:28 CEST.
Flavor | Version | Tinstall | Tcheck | Ttotal | Status | Flags |
---|---|---|---|---|---|---|
r-devel-linux-x86_64-debian-clang | 0.5.0 | 3.71 | 95.60 | 99.31 | OK | |
r-devel-linux-x86_64-debian-gcc | 0.5.0 | 2.92 | 73.04 | 75.96 | OK | |
r-devel-linux-x86_64-fedora-clang | 0.5.0 | 124.55 | NOTE | |||
r-devel-linux-x86_64-fedora-gcc | 0.5.0 | 135.89 | NOTE | |||
r-devel-windows-ix86+x86_64 | 0.5.0 | 9.00 | 118.00 | 127.00 | NOTE | |
r-patched-linux-x86_64 | 0.5.0 | 3.66 | 92.48 | 96.14 | OK | |
r-patched-solaris-x86 | 0.5.0 | 159.80 | WARN | |||
r-release-linux-x86_64 | 0.5.0 | 3.66 | 92.91 | 96.57 | OK | |
r-release-macos-x86_64 | 0.5.0 | WARN | ||||
r-release-windows-ix86+x86_64 | 0.5.0 | 7.00 | 140.00 | 147.00 | NOTE | |
r-oldrel-macos-x86_64 | 0.5.0 | WARN | ||||
r-oldrel-windows-ix86+x86_64 | 0.5.0 | 7.00 | 106.00 | 113.00 | NOTE |
Version: 0.5.0
Check: installed package size
Result: NOTE
installed size is 5.2Mb
sub-directories of 1Mb or more:
doc 4.1Mb
Flavors: r-devel-linux-x86_64-fedora-clang, r-devel-windows-ix86+x86_64, r-patched-solaris-x86, r-release-macos-x86_64, r-release-windows-ix86+x86_64, r-oldrel-macos-x86_64, r-oldrel-windows-ix86+x86_64
Version: 0.5.0
Check: data for non-ASCII characters
Result: NOTE
Note: found 11 marked UTF-8 strings
Flavors: r-devel-linux-x86_64-fedora-clang, r-devel-linux-x86_64-fedora-gcc, r-patched-solaris-x86, r-release-macos-x86_64, r-oldrel-macos-x86_64
Version: 0.5.0
Check: re-building of vignette outputs
Result: WARN
Error(s) in re-building vignettes:
...
--- re-building ‘cycling-potential-uk.Rmd’ using rmarkdown
Warning in engine$weave(file, quiet = quiet, encoding = enc) :
Pandoc (>= 1.12.3) and/or pandoc-citeproc not available. Falling back to R Markdown v1.
Linking to GEOS 3.6.4, GDAL 2.2.4, PROJ 5.2.0
Attaching package: 'dplyr'
The following objects are masked from 'package:stats':
filter, lag
The following objects are masked from 'package:base':
intersect, setdiff, setequal, union
--- finished re-building ‘cycling-potential-uk.Rmd’
--- re-building ‘pct-international.Rmd’ using rmarkdown
Warning in engine$weave(file, quiet = quiet, encoding = enc) :
Pandoc (>= 1.12.3) and/or pandoc-citeproc not available. Falling back to R Markdown v1.
Quitting from lines 109-116 (pct-international.Rmd)
Error: processing vignette 'pct-international.Rmd' failed with diagnostics:
there is no package called 'webshot'
--- failed re-building ‘pct-international.Rmd’
--- re-building ‘pct.Rmd’ using rmarkdown
Warning in engine$weave(file, quiet = quiet, encoding = enc) :
Pandoc (>= 1.12.3) and/or pandoc-citeproc not available. Falling back to R Markdown v1.
Quitting from lines 169-175 (pct.Rmd)
Error: processing vignette 'pct.Rmd' failed with diagnostics:
there is no package called 'webshot'
--- failed re-building ‘pct.Rmd’
--- re-building ‘pct_training.Rmd’ using rmarkdown
Warning in engine$weave(file, quiet = quiet, encoding = enc) :
Pandoc (>= 1.12.3) and/or pandoc-citeproc not available. Falling back to R Markdown v1.
Attaching package: 'dplyr'
The following objects are masked from 'package:stats':
filter, lag
The following objects are masked from 'package:base':
intersect, setdiff, setequal, union
tmap mode set to interactive viewing
Linking to GEOS 3.6.4, GDAL 2.2.4, PROJ 5.2.0
Legend for line widths not available in view mode.
Quitting from lines 113-133 (pct_training.Rmd)
Error: processing vignette 'pct_training.Rmd' failed with diagnostics:
there is no package called 'webshot'
--- failed re-building ‘pct_training.Rmd’
SUMMARY: processing the following files failed:
‘pct-international.Rmd’ ‘pct.Rmd’ ‘pct_training.Rmd’
Error: Vignette re-building failed.
Execution halted
Flavor: r-patched-solaris-x86
Version: 0.5.0
Check: re-building of vignette outputs
Result: WARN
Error(s) in re-building vignettes:
--- re-building ‘cycling-potential-uk.Rmd’ using rmarkdown
Warning in engine$weave(file, quiet = quiet, encoding = enc) :
Pandoc (>= 1.12.3) and/or pandoc-citeproc not available. Falling back to R Markdown v1.
Linking to GEOS 3.8.1, GDAL 3.1.1, PROJ 6.3.1
Attaching package: 'dplyr'
The following objects are masked from 'package:stats':
filter, lag
The following objects are masked from 'package:base':
intersect, setdiff, setequal, union
--- finished re-building ‘cycling-potential-uk.Rmd’
--- re-building ‘pct-international.Rmd’ using rmarkdown
Warning in engine$weave(file, quiet = quiet, encoding = enc) :
Pandoc (>= 1.12.3) and/or pandoc-citeproc not available. Falling back to R Markdown v1.
Quitting from lines 109-116 (pct-international.Rmd)
Error: processing vignette 'pct-international.Rmd' failed with diagnostics:
cannot open the connection
--- failed re-building ‘pct-international.Rmd’
--- re-building ‘pct.Rmd’ using rmarkdown
Warning in engine$weave(file, quiet = quiet, encoding = enc) :
Pandoc (>= 1.12.3) and/or pandoc-citeproc not available. Falling back to R Markdown v1.
Quitting from lines 169-175 (pct.Rmd)
Error: processing vignette 'pct.Rmd' failed with diagnostics:
cannot open the connection
--- failed re-building ‘pct.Rmd’
--- re-building ‘pct_training.Rmd’ using rmarkdown
Warning in engine$weave(file, quiet = quiet, encoding = enc) :
Pandoc (>= 1.12.3) and/or pandoc-citeproc not available. Falling back to R Markdown v1.
Attaching package: 'dplyr'
The following objects are masked from 'package:stats':
filter, lag
The following objects are masked from 'package:base':
intersect, setdiff, setequal, union
tmap mode set to interactive viewing
Linking to GEOS 3.8.1, GDAL 3.1.1, PROJ 6.3.1
Legend for line widths not available in view mode.
PhantomJS not found. You can install it with webshot::install_phantomjs(). If it is installed, please make sure the phantomjs executable can be found via the PATH variable.
Quitting from lines 113-133 (pct_training.Rmd)
Error: processing vignette 'pct_training.Rmd' failed with diagnostics:
cannot open the connection
--- failed re-building ‘pct_training.Rmd’
SUMMARY: processing the following files failed:
‘pct-international.Rmd’ ‘pct.Rmd’ ‘pct_training.Rmd’
Error: Vignette re-building failed.
Execution halted
Flavor: r-release-macos-x86_64
Version: 0.5.0
Check: re-building of vignette outputs
Result: WARN
Error(s) in re-building vignettes:
--- re-building ‘cycling-potential-uk.Rmd’ using rmarkdown
Warning in engine$weave(file, quiet = quiet, encoding = enc) :
Pandoc (>= 1.12.3) and/or pandoc-citeproc not available. Falling back to R Markdown v1.
Linking to GEOS 3.7.2, GDAL 2.4.2, PROJ 5.2.0
Attaching package: 'dplyr'
The following objects are masked from 'package:stats':
filter, lag
The following objects are masked from 'package:base':
intersect, setdiff, setequal, union
--- finished re-building ‘cycling-potential-uk.Rmd’
--- re-building ‘pct-international.Rmd’ using rmarkdown
Warning in engine$weave(file, quiet = quiet, encoding = enc) :
Pandoc (>= 1.12.3) and/or pandoc-citeproc not available. Falling back to R Markdown v1.
Quitting from lines 109-116 (pct-international.Rmd)
Error: processing vignette 'pct-international.Rmd' failed with diagnostics:
cannot open the connection
--- failed re-building ‘pct-international.Rmd’
--- re-building ‘pct.Rmd’ using rmarkdown
Warning in engine$weave(file, quiet = quiet, encoding = enc) :
Pandoc (>= 1.12.3) and/or pandoc-citeproc not available. Falling back to R Markdown v1.
Quitting from lines 169-175 (pct.Rmd)
Error: processing vignette 'pct.Rmd' failed with diagnostics:
cannot open the connection
--- failed re-building ‘pct.Rmd’
--- re-building ‘pct_training.Rmd’ using rmarkdown
Warning in engine$weave(file, quiet = quiet, encoding = enc) :
Pandoc (>= 1.12.3) and/or pandoc-citeproc not available. Falling back to R Markdown v1.
Attaching package: 'dplyr'
The following objects are masked from 'package:stats':
filter, lag
The following objects are masked from 'package:base':
intersect, setdiff, setequal, union
tmap mode set to interactive viewing
Linking to GEOS 3.7.2, GDAL 2.4.2, PROJ 5.2.0
Legend for line widths not available in view mode.
PhantomJS not found. You can install it with webshot::install_phantomjs(). If it is installed, please make sure the phantomjs executable can be found via the PATH variable.
Quitting from lines 113-133 (pct_training.Rmd)
Error: processing vignette 'pct_training.Rmd' failed with diagnostics:
cannot open the connection
--- failed re-building ‘pct_training.Rmd’
SUMMARY: processing the following files failed:
‘pct-international.Rmd’ ‘pct.Rmd’ ‘pct_training.Rmd’
Error: Vignette re-building failed.
Execution halted
Flavor: r-oldrel-macos-x86_64