CRAN Package Check Results for Package pdp

Last updated on 2020-10-11 01:47:28 CEST.

Flavor Version Tinstall Tcheck Ttotal Status Flags
r-devel-linux-x86_64-debian-clang 0.7.0 6.58 68.59 75.17 OK
r-devel-linux-x86_64-debian-gcc 0.7.0 5.54 51.59 57.13 OK
r-devel-linux-x86_64-fedora-clang 0.7.0 97.49 NOTE
r-devel-linux-x86_64-fedora-gcc 0.7.0 90.82 OK
r-devel-windows-ix86+x86_64 0.7.0 18.00 95.00 113.00 OK
r-patched-linux-x86_64 0.7.0 6.46 64.41 70.87 OK
r-patched-solaris-x86 0.7.0 125.80 OK
r-release-linux-x86_64 0.7.0 6.27 64.30 70.57 OK
r-release-macos-x86_64 0.7.0 OK
r-release-windows-ix86+x86_64 0.7.0 14.00 131.00 145.00 OK
r-oldrel-macos-x86_64 0.7.0 OK
r-oldrel-windows-ix86+x86_64 0.7.0 15.00 87.00 102.00 OK

Check Details

Version: 0.7.0
Check: Rd cross-references
Result: NOTE
    Undeclared packages ‘mlbench’, ‘foreach’, ‘ICEbox’ in Rd xrefs
Flavor: r-devel-linux-x86_64-fedora-clang