CRAN Package Check Results for Package penalizedSVM

Last updated on 2020-10-11 01:47:28 CEST.

Flavor Version Tinstall Tcheck Ttotal Status Flags
r-devel-linux-x86_64-debian-clang 1.1.2 5.77 41.23 47.00 OK
r-devel-linux-x86_64-debian-gcc 1.1.2 4.53 31.76 36.29 OK
r-devel-linux-x86_64-fedora-clang 1.1.2 67.29 NOTE
r-devel-linux-x86_64-fedora-gcc 1.1.2 55.64 NOTE
r-devel-windows-ix86+x86_64 1.1.2 12.00 45.00 57.00 OK
r-patched-linux-x86_64 1.1.2 6.88 39.51 46.39 OK
r-patched-solaris-x86 1.1.2 78.10 NOTE
r-release-linux-x86_64 1.1.2 5.71 39.23 44.94 OK
r-release-macos-x86_64 1.1.2 NOTE
r-release-windows-ix86+x86_64 1.1.2 9.00 57.00 66.00 OK
r-oldrel-macos-x86_64 1.1.2 NOTE
r-oldrel-windows-ix86+x86_64 1.1.2 10.00 42.00 52.00 OK

Check Details

Version: 1.1.2
Check: dependencies in R code
Result: NOTE
    Namespace in Imports field not imported from: ‘lhs’
     All declared Imports should be used.
Flavors: r-devel-linux-x86_64-fedora-clang, r-devel-linux-x86_64-fedora-gcc, r-patched-solaris-x86, r-release-macos-x86_64, r-oldrel-macos-x86_64