Last updated on 2020-10-11 01:47:28 CEST.
Flavor | Version | Tinstall | Tcheck | Ttotal | Status | Flags |
---|---|---|---|---|---|---|
r-devel-linux-x86_64-debian-clang | 2.5.5 | 55.74 | 271.30 | 327.04 | OK | |
r-devel-linux-x86_64-debian-gcc | 2.5.5 | 37.86 | 210.79 | 248.65 | OK | |
r-devel-linux-x86_64-fedora-clang | 2.5.5 | 417.01 | NOTE | |||
r-devel-linux-x86_64-fedora-gcc | 2.5.5 | 425.72 | OK | |||
r-devel-windows-ix86+x86_64 | 2.5.5 | 104.00 | 468.00 | 572.00 | NOTE | |
r-patched-linux-x86_64 | 2.5.5 | 54.26 | 261.91 | 316.17 | OK | |
r-patched-solaris-x86 | 2.5.5 | 493.80 | OK | |||
r-release-linux-x86_64 | 2.5.5 | 47.48 | 259.89 | 307.37 | OK | |
r-release-macos-x86_64 | 2.5.5 | OK | ||||
r-release-windows-ix86+x86_64 | 2.5.5 | 87.00 | 392.00 | 479.00 | NOTE | |
r-oldrel-macos-x86_64 | 2.5.5 | NOTE | ||||
r-oldrel-windows-ix86+x86_64 | 2.5.5 | 97.00 | 302.00 | 399.00 | NOTE |
Version: 2.5.5
Check: installed package size
Result: NOTE
installed size is 5.0Mb
sub-directories of 1Mb or more:
doc 1.1Mb
libs 1.7Mb
Flavors: r-devel-linux-x86_64-fedora-clang, r-devel-windows-ix86+x86_64, r-release-windows-ix86+x86_64, r-oldrel-windows-ix86+x86_64
Version: 2.5.5
Check: package dependencies
Result: NOTE
Package suggested but not available for checking: ‘Biostrings’
Flavor: r-oldrel-macos-x86_64