Last updated on 2020-10-11 01:47:28 CEST.
Flavor | Version | Tinstall | Tcheck | Ttotal | Status | Flags |
---|---|---|---|---|---|---|
r-devel-linux-x86_64-debian-clang | 0.2.7 | 83.43 | 174.90 | 258.33 | OK | |
r-devel-linux-x86_64-debian-gcc | 0.2.7 | 60.15 | 150.18 | 210.33 | OK | |
r-devel-linux-x86_64-fedora-clang | 0.2.7 | 325.37 | NOTE | |||
r-devel-linux-x86_64-fedora-gcc | 0.2.7 | 317.23 | OK | |||
r-devel-windows-ix86+x86_64 | 0.2.7 | 184.00 | 274.00 | 458.00 | OK | |
r-patched-linux-x86_64 | 0.2.7 | 78.75 | 161.49 | 240.24 | OK | |
r-patched-solaris-x86 | 0.2.7 | 336.50 | OK | |||
r-release-linux-x86_64 | 0.2.7 | 74.57 | 161.44 | 236.01 | OK | |
r-release-macos-x86_64 | 0.2.7 | OK | ||||
r-release-windows-ix86+x86_64 | 0.2.7 | 137.00 | 367.00 | 504.00 | OK | |
r-oldrel-macos-x86_64 | 0.2.7 | OK | ||||
r-oldrel-windows-ix86+x86_64 | 0.2.7 | 165.00 | 243.00 | 408.00 | OK |
Version: 0.2.7
Check: package dependencies
Result: NOTE
Imports includes 23 non-default packages.
Importing from so many packages makes the package vulnerable to any of
them becoming unavailable. Move as many as possible to Suggests and
use conditionally.
Flavor: r-devel-linux-x86_64-fedora-clang