Last updated on 2020-10-11 01:47:28 CEST.
Flavor | Version | Tinstall | Tcheck | Ttotal | Status | Flags |
---|---|---|---|---|---|---|
r-devel-linux-x86_64-debian-clang | 1.8.2 | 12.88 | 101.99 | 114.87 | OK | |
r-devel-linux-x86_64-debian-gcc | 1.8.2 | 10.02 | 77.56 | 87.58 | OK | |
r-devel-linux-x86_64-fedora-clang | 1.8.2 | 146.32 | OK | |||
r-devel-linux-x86_64-fedora-gcc | 1.8.2 | 148.32 | OK | |||
r-devel-windows-ix86+x86_64 | 1.8.2 | 28.00 | 138.00 | 166.00 | NOTE | |
r-patched-linux-x86_64 | 1.8.2 | 11.29 | 96.86 | 108.15 | OK | |
r-patched-solaris-x86 | 1.8.2 | 193.60 | OK | |||
r-release-linux-x86_64 | 1.8.2 | 12.74 | 96.12 | 108.86 | OK | |
r-release-macos-x86_64 | 1.8.2 | OK | ||||
r-release-windows-ix86+x86_64 | 1.8.2 | 23.00 | 185.00 | 208.00 | OK | |
r-oldrel-macos-x86_64 | 1.8.2 | OK | ||||
r-oldrel-windows-ix86+x86_64 | 1.8.2 | 26.00 | 124.00 | 150.00 | OK |
Version: 1.8.2
Check: package dependencies
Result: NOTE
Package suggested but not available for checking: 'brglm'
Flavor: r-devel-windows-ix86+x86_64
Version: 1.8.2
Check: Rd cross-references
Result: NOTE
Package unavailable to check Rd xrefs: 'brglm'
Flavor: r-devel-windows-ix86+x86_64