CRAN Package Check Results for Package pins

Last updated on 2020-10-11 01:47:28 CEST.

Flavor Version Tinstall Tcheck Ttotal Status Flags
r-devel-linux-x86_64-debian-clang 0.4.3 8.49 76.85 85.34 OK
r-devel-linux-x86_64-debian-gcc 0.4.3 5.54 60.03 65.57 OK
r-devel-linux-x86_64-fedora-clang 0.4.3 107.97 NOTE
r-devel-linux-x86_64-fedora-gcc 0.4.3 105.64 NOTE
r-devel-windows-ix86+x86_64 0.4.3 12.00 106.00 118.00 OK
r-patched-linux-x86_64 0.4.3 6.63 74.71 81.34 OK
r-patched-solaris-x86 0.4.3 141.70 NOTE
r-release-linux-x86_64 0.4.3 8.06 74.73 82.79 OK
r-release-macos-x86_64 0.4.3 NOTE
r-release-windows-ix86+x86_64 0.4.3 10.00 128.00 138.00 OK
r-oldrel-macos-x86_64 0.4.3 NOTE
r-oldrel-windows-ix86+x86_64 0.4.3 10.00 75.00 85.00 OK

Check Details

Version: 0.4.3
Check: data for non-ASCII characters
Result: NOTE
     Note: found 36 marked UTF-8 strings
Flavors: r-devel-linux-x86_64-fedora-clang, r-devel-linux-x86_64-fedora-gcc, r-patched-solaris-x86, r-release-macos-x86_64, r-oldrel-macos-x86_64