Last updated on 2020-10-11 01:47:28 CEST.
Flavor | Version | Tinstall | Tcheck | Ttotal | Status | Flags |
---|---|---|---|---|---|---|
r-devel-linux-x86_64-debian-clang | 2.2-4 | 20.14 | 565.72 | 585.86 | WARN | |
r-devel-linux-x86_64-debian-gcc | 2.2-4 | 14.05 | 427.36 | 441.41 | WARN | |
r-devel-linux-x86_64-fedora-clang | 2.2-4 | 692.36 | WARN | |||
r-devel-linux-x86_64-fedora-gcc | 2.2-4 | 943.14 | WARN | |||
r-devel-windows-ix86+x86_64 | 2.2-4 | 31.00 | 645.00 | 676.00 | WARN | |
r-patched-linux-x86_64 | 2.2-4 | 17.64 | 564.18 | 581.82 | WARN | |
r-patched-solaris-x86 | 2.2-4 | 1509.70 | WARN | |||
r-release-linux-x86_64 | 2.2-4 | 17.38 | 580.10 | 597.48 | WARN | |
r-release-macos-x86_64 | 2.2-4 | OK | ||||
r-release-windows-ix86+x86_64 | 2.2-4 | 28.00 | 494.00 | 522.00 | WARN | |
r-oldrel-macos-x86_64 | 2.2-4 | OK | ||||
r-oldrel-windows-ix86+x86_64 | 2.2-4 | 29.00 | 468.00 | 497.00 | WARN |
Version: 2.2-4
Check: Rd files
Result: WARN
prepare_Rd: possibly non-existing key(s) in bib file from package 'plm':
BHAR:FRAN:NARE:82
prepare_Rd: subscript out of bounds (possibly non-existing key 'BHAR:FRAN:NARE:82')
prepare_Rd: possibly non-existing key(s) in bib file from package 'plm':
BALT:CHAN:94
prepare_Rd: subscript out of bounds (possibly non-existing key 'BALT:CHAN:94')
Flavors: r-devel-linux-x86_64-debian-clang, r-devel-linux-x86_64-debian-gcc, r-devel-linux-x86_64-fedora-clang, r-devel-linux-x86_64-fedora-gcc, r-devel-windows-ix86+x86_64, r-patched-linux-x86_64, r-patched-solaris-x86, r-release-linux-x86_64, r-release-windows-ix86+x86_64, r-oldrel-windows-ix86+x86_64