Last updated on 2020-10-11 01:47:28 CEST.
Flavor | Version | Tinstall | Tcheck | Ttotal | Status | Flags |
---|---|---|---|---|---|---|
r-devel-linux-x86_64-debian-clang | 0.0.1 | 3.05 | 35.84 | 38.89 | NOTE | |
r-devel-linux-x86_64-debian-gcc | 0.0.1 | 2.55 | 27.53 | 30.08 | NOTE | |
r-devel-linux-x86_64-fedora-clang | 0.0.1 | 54.73 | OK | |||
r-devel-linux-x86_64-fedora-gcc | 0.0.1 | 49.33 | OK | |||
r-devel-windows-ix86+x86_64 | 0.0.1 | 8.00 | 45.00 | 53.00 | NOTE | |
r-patched-linux-x86_64 | 0.0.1 | 3.60 | 35.36 | 38.96 | NOTE | |
r-patched-solaris-x86 | 0.0.1 | 72.00 | OK | |||
r-release-linux-x86_64 | 0.0.1 | 3.53 | 35.60 | 39.13 | NOTE | |
r-release-macos-x86_64 | 0.0.1 | OK | ||||
r-release-windows-ix86+x86_64 | 0.0.1 | 6.00 | 64.00 | 70.00 | NOTE | |
r-oldrel-macos-x86_64 | 0.0.1 | OK | ||||
r-oldrel-windows-ix86+x86_64 | 0.0.1 | 6.00 | 38.00 | 44.00 | OK |
Version: 0.0.1
Check: package vignettes
Result: NOTE
Package vignette with placeholder title 'Vignette Title':
'introduction.Rmd'
Flavors: r-devel-linux-x86_64-debian-clang, r-devel-linux-x86_64-debian-gcc, r-devel-windows-ix86+x86_64, r-patched-linux-x86_64, r-release-linux-x86_64, r-release-windows-ix86+x86_64