Last updated on 2020-10-11 01:47:28 CEST.
Flavor | Version | Tinstall | Tcheck | Ttotal | Status | Flags |
---|---|---|---|---|---|---|
r-devel-linux-x86_64-debian-clang | 0.4 | 2.84 | 29.22 | 32.06 | NOTE | |
r-devel-linux-x86_64-debian-gcc | 0.4 | 2.36 | 22.52 | 24.88 | NOTE | |
r-devel-linux-x86_64-fedora-clang | 0.4 | 47.89 | NOTE | |||
r-devel-linux-x86_64-fedora-gcc | 0.4 | 40.60 | NOTE | |||
r-devel-windows-ix86+x86_64 | 0.4 | 7.00 | 81.00 | 88.00 | NOTE | |
r-patched-linux-x86_64 | 0.4 | 3.08 | 28.58 | 31.66 | NOTE | |
r-patched-solaris-x86 | 0.4 | 61.30 | NOTE | |||
r-release-linux-x86_64 | 0.4 | 2.71 | 28.84 | 31.55 | NOTE | |
r-release-macos-x86_64 | 0.4 | NOTE | ||||
r-release-windows-ix86+x86_64 | 0.4 | 8.00 | 82.00 | 90.00 | NOTE | |
r-oldrel-macos-x86_64 | 0.4 | NOTE | ||||
r-oldrel-windows-ix86+x86_64 | 0.4 | 8.00 | 95.00 | 103.00 | NOTE |
Version: 0.4
Check: R code for possible problems
Result: NOTE
bipoilogMLE: no visible global function definition for 'optim'
bipoilogMLE: no visible global function definition for 'write.table'
poilogMLE: no visible global function definition for 'optim'
rbipoilog : sim: no visible global function definition for 'rnorm'
rbipoilog : sim: no visible global function definition for 'rpois'
rpoilog : sim: no visible global function definition for 'rnorm'
rpoilog : sim: no visible global function definition for 'rpois'
Undefined global functions or variables:
optim rnorm rpois write.table
Consider adding
importFrom("stats", "optim", "rnorm", "rpois")
importFrom("utils", "write.table")
to your NAMESPACE file.
Flavors: r-devel-linux-x86_64-debian-clang, r-devel-linux-x86_64-debian-gcc, r-devel-linux-x86_64-fedora-clang, r-devel-linux-x86_64-fedora-gcc, r-devel-windows-ix86+x86_64, r-patched-linux-x86_64, r-patched-solaris-x86, r-release-linux-x86_64, r-release-macos-x86_64, r-release-windows-ix86+x86_64, r-oldrel-macos-x86_64, r-oldrel-windows-ix86+x86_64
Version: 0.4
Check: compiled code
Result: NOTE
File ‘poilog/libs/poilog.so’:
Found no calls to: ‘R_registerRoutines’, ‘R_useDynamicSymbols’
It is good practice to register native routines and to disable symbol
search.
See ‘Writing portable packages’ in the ‘Writing R Extensions’ manual.
Flavors: r-devel-linux-x86_64-fedora-clang, r-devel-linux-x86_64-fedora-gcc