Last updated on 2020-10-11 01:47:28 CEST.
Flavor | Version | Tinstall | Tcheck | Ttotal | Status | Flags |
---|---|---|---|---|---|---|
r-devel-linux-x86_64-debian-clang | 0.0-4 | 10.19 | 76.27 | 86.46 | OK | |
r-devel-linux-x86_64-debian-gcc | 0.0-4 | 8.69 | 56.57 | 65.26 | OK | |
r-devel-linux-x86_64-fedora-clang | 0.0-4 | 109.05 | NOTE | |||
r-devel-linux-x86_64-fedora-gcc | 0.0-4 | 105.72 | NOTE | |||
r-devel-windows-ix86+x86_64 | 0.0-4 | 24.00 | 77.00 | 101.00 | OK | |
r-patched-linux-x86_64 | 0.0-4 | 10.76 | 70.93 | 81.69 | OK | |
r-patched-solaris-x86 | 0.0-4 | 140.90 | NOTE | |||
r-release-linux-x86_64 | 0.0-4 | 7.69 | 71.75 | 79.44 | OK | |
r-release-macos-x86_64 | 0.0-4 | NOTE | ||||
r-release-windows-ix86+x86_64 | 0.0-4 | 16.00 | 109.00 | 125.00 | OK | |
r-oldrel-macos-x86_64 | 0.0-4 | NOTE | ||||
r-oldrel-windows-ix86+x86_64 | 0.0-4 | 18.00 | 73.00 | 91.00 | OK |
Version: 0.0-4
Check: Rd cross-references
Result: NOTE
Undeclared package ‘ISOcodes’ in Rd xrefs
Flavor: r-devel-linux-x86_64-fedora-clang
Version: 0.0-4
Check: data for non-ASCII characters
Result: NOTE
Note: found 8 marked UTF-8 strings
Flavors: r-devel-linux-x86_64-fedora-clang, r-devel-linux-x86_64-fedora-gcc, r-patched-solaris-x86, r-release-macos-x86_64, r-oldrel-macos-x86_64