CRAN Package Check Results for Package polyfreqs

Last updated on 2020-10-11 01:47:28 CEST.

Flavor Version Tinstall Tcheck Ttotal Status Flags
r-devel-linux-x86_64-debian-clang 1.0.2 44.46 76.86 121.32 NOTE
r-devel-linux-x86_64-debian-gcc 1.0.2 30.42 57.37 87.79 NOTE
r-devel-linux-x86_64-fedora-clang 1.0.2 162.23 NOTE
r-devel-linux-x86_64-fedora-gcc 1.0.2 146.07 NOTE
r-devel-windows-ix86+x86_64 1.0.2 98.00 131.00 229.00 OK
r-patched-linux-x86_64 1.0.2 37.46 73.44 110.90 NOTE
r-patched-solaris-x86 1.0.2 227.00 NOTE
r-release-linux-x86_64 1.0.2 37.31 72.79 110.10 NOTE
r-release-macos-x86_64 1.0.2 OK
r-release-windows-ix86+x86_64 1.0.2 74.00 162.00 236.00 OK
r-oldrel-macos-x86_64 1.0.2 OK
r-oldrel-windows-ix86+x86_64 1.0.2 91.00 108.00 199.00 OK

Check Details

Version: 1.0.2
Check: for non-standard things in the check directory
Result: NOTE
    Found the following files/directories:
     'polyfreqs-mcmc.out'
Flavors: r-devel-linux-x86_64-debian-clang, r-devel-linux-x86_64-debian-gcc, r-devel-linux-x86_64-fedora-clang, r-devel-linux-x86_64-fedora-gcc, r-patched-linux-x86_64, r-patched-solaris-x86, r-release-linux-x86_64

Version: 1.0.2
Check: compiled code
Result: NOTE
    File ‘polyfreqs/libs/polyfreqs.so’:
     Found no calls to: ‘R_registerRoutines’, ‘R_useDynamicSymbols’
    
    It is good practice to register native routines and to disable symbol
    search.
    
    See ‘Writing portable packages’ in the ‘Writing R Extensions’ manual.
Flavors: r-devel-linux-x86_64-fedora-clang, r-devel-linux-x86_64-fedora-gcc