Last updated on 2020-10-11 01:47:28 CEST.
Flavor | Version | Tinstall | Tcheck | Ttotal | Status | Flags |
---|---|---|---|---|---|---|
r-devel-linux-x86_64-debian-clang | 3.1 | 27.60 | 105.97 | 133.57 | OK | |
r-devel-linux-x86_64-debian-gcc | 3.1 | 22.03 | 80.00 | 102.03 | OK | |
r-devel-linux-x86_64-fedora-clang | 3.1 | 165.91 | OK | |||
r-devel-linux-x86_64-fedora-gcc | 3.1 | 163.02 | OK | |||
r-devel-windows-ix86+x86_64 | 3.1 | 76.00 | 185.00 | 261.00 | OK | |
r-patched-linux-x86_64 | 3.1 | 26.46 | 98.82 | 125.28 | OK | |
r-patched-solaris-x86 | 3.1 | 207.60 | OK | |||
r-release-linux-x86_64 | 3.1 | 24.73 | 98.88 | 123.61 | OK | |
r-release-macos-x86_64 | 3.1 | OK | ||||
r-release-windows-ix86+x86_64 | 3.1 | 61.00 | 245.00 | 306.00 | OK | |
r-oldrel-macos-x86_64 | 3.1 | ERROR | ||||
r-oldrel-windows-ix86+x86_64 | 2.8 | 70.00 | 237.00 | 307.00 | OK |
Version: 3.1
Check: whether package can be installed
Result: ERROR
Installation failed.
Flavor: r-oldrel-macos-x86_64