CRAN Package Check Results for Package prediction

Last updated on 2020-10-11 01:47:29 CEST.

Flavor Version Tinstall Tcheck Ttotal Status Flags
r-devel-linux-x86_64-debian-clang 0.3.14 5.69 47.12 52.81 OK
r-devel-linux-x86_64-debian-gcc 0.3.14 4.47 36.26 40.73 OK
r-devel-linux-x86_64-fedora-clang 0.3.14 76.16 OK
r-devel-linux-x86_64-fedora-gcc 0.3.14 102.04 OK
r-devel-windows-ix86+x86_64 0.3.14 10.00 54.00 64.00 NOTE
r-patched-linux-x86_64 0.3.14 6.37 43.77 50.14 OK
r-patched-solaris-x86 0.3.14 87.40 OK
r-release-linux-x86_64 0.3.14 4.75 44.17 48.92 OK
r-release-macos-x86_64 0.3.14 OK
r-release-windows-ix86+x86_64 0.3.14 9.00 64.00 73.00 OK
r-oldrel-macos-x86_64 0.3.14 OK
r-oldrel-windows-ix86+x86_64 0.3.14 8.00 46.00 54.00 OK

Check Details

Version: 0.3.14
Check: package dependencies
Result: NOTE
    Package which this enhances but not available for checking: 'brglm'
Flavor: r-devel-windows-ix86+x86_64

Version: 0.3.14
Check: Rd cross-references
Result: NOTE
    Package unavailable to check Rd xrefs: 'brglm'
Flavor: r-devel-windows-ix86+x86_64