Last updated on 2020-10-11 01:47:29 CEST.
Flavor | Version | Tinstall | Tcheck | Ttotal | Status | Flags |
---|---|---|---|---|---|---|
r-devel-linux-x86_64-debian-clang | 1.2 | 362.22 | 141.41 | 503.63 | NOTE | |
r-devel-linux-x86_64-debian-gcc | 1.2 | 317.49 | 117.85 | 435.34 | NOTE | |
r-devel-linux-x86_64-fedora-clang | 1.2 | 672.44 | NOTE | |||
r-devel-linux-x86_64-fedora-gcc | 1.2 | 731.37 | NOTE | |||
r-devel-windows-ix86+x86_64 | 1.2 | 802.00 | 222.00 | 1024.00 | NOTE | |
r-patched-linux-x86_64 | 1.2 | 293.24 | 146.56 | 439.80 | NOTE | |
r-patched-solaris-x86 | 1.2 | 613.60 | NOTE | |||
r-release-linux-x86_64 | 1.2 | 367.40 | 147.89 | 515.29 | NOTE | |
r-release-macos-x86_64 | 1.2 | NOTE | ||||
r-release-windows-ix86+x86_64 | 1.2 | 574.00 | 254.00 | 828.00 | NOTE | |
r-oldrel-macos-x86_64 | 1.2 | ERROR |
Version: 1.2
Check: for GNU extensions in Makefiles
Result: NOTE
GNU make is a SystemRequirements.
Flavors: r-devel-linux-x86_64-debian-clang, r-devel-linux-x86_64-debian-gcc, r-devel-linux-x86_64-fedora-clang, r-devel-linux-x86_64-fedora-gcc, r-devel-windows-ix86+x86_64, r-patched-linux-x86_64, r-patched-solaris-x86, r-release-linux-x86_64, r-release-macos-x86_64, r-release-windows-ix86+x86_64
Version: 1.2
Check: installed package size
Result: NOTE
installed size is 62.2Mb
sub-directories of 1Mb or more:
libs 61.4Mb
Flavors: r-devel-linux-x86_64-fedora-clang, r-devel-windows-ix86+x86_64, r-release-macos-x86_64, r-release-windows-ix86+x86_64
Version: 1.2
Check: whether package can be installed
Result: ERROR
Installation failed.
Flavor: r-oldrel-macos-x86_64