Last updated on 2020-10-11 01:47:29 CEST.
Flavor | Version | Tinstall | Tcheck | Ttotal | Status | Flags |
---|---|---|---|---|---|---|
r-devel-linux-x86_64-debian-clang | 0.7.2 | 953.71 | 187.03 | 1140.74 | OK | |
r-devel-linux-x86_64-debian-gcc | 0.7.2 | 582.34 | 141.04 | 723.38 | OK | |
r-devel-linux-x86_64-fedora-clang | 0.7.2 | 1703.91 | NOTE | |||
r-devel-linux-x86_64-fedora-gcc | 0.7.2 | 1451.43 | OK | |||
r-devel-windows-ix86+x86_64 | 0.7.2 | 2041.00 | 243.00 | 2284.00 | NOTE | |
r-patched-linux-x86_64 | 0.7.2 | 762.49 | 170.76 | 933.25 | OK | |
r-patched-solaris-x86 | 0.7.2 | 1196.70 | OK | |||
r-release-linux-x86_64 | 0.7.2 | 801.66 | 172.07 | 973.73 | OK | |
r-release-macos-x86_64 | 0.7.2 | NOTE | ||||
r-release-windows-ix86+x86_64 | 0.7.2 | 1376.00 | 269.00 | 1645.00 | NOTE | |
r-oldrel-macos-x86_64 | 0.7.2 | NOTE | ||||
r-oldrel-windows-ix86+x86_64 | 0.7.2 | 1679.00 | 202.00 | 1881.00 | NOTE |
Version: 0.7.2
Check: package dependencies
Result: NOTE
Imports includes 22 non-default packages.
Importing from so many packages makes the package vulnerable to any of
them becoming unavailable. Move as many as possible to Suggests and
use conditionally.
Flavor: r-devel-linux-x86_64-fedora-clang
Version: 0.7.2
Check: installed package size
Result: NOTE
installed size is 53.5Mb
sub-directories of 1Mb or more:
libs 52.5Mb
Flavors: r-devel-linux-x86_64-fedora-clang, r-devel-windows-ix86+x86_64, r-release-macos-x86_64, r-release-windows-ix86+x86_64, r-oldrel-macos-x86_64, r-oldrel-windows-ix86+x86_64