CRAN Package Check Results for Package pulsar

Last updated on 2020-10-11 01:47:29 CEST.

Flavor Version Tinstall Tcheck Ttotal Status Flags
r-devel-linux-x86_64-debian-clang 0.3.7 7.39 540.68 548.07 OK
r-devel-linux-x86_64-debian-gcc 0.3.7 6.52 435.91 442.43 OK
r-devel-linux-x86_64-fedora-clang 0.3.7 555.85 OK
r-devel-linux-x86_64-fedora-gcc 0.3.7 516.90 OK
r-devel-windows-ix86+x86_64 0.3.7 19.00 531.00 550.00 OK
r-patched-linux-x86_64 0.3.7 7.96 494.67 502.63 OK
r-patched-solaris-x86 0.3.7 442.50 ERROR
r-release-linux-x86_64 0.3.7 8.37 488.24 496.61 OK
r-release-macos-x86_64 0.3.7 OK
r-release-windows-ix86+x86_64 0.3.7 13.00 581.00 594.00 OK
r-oldrel-macos-x86_64 0.3.7 OK
r-oldrel-windows-ix86+x86_64 0.3.7 16.00 451.00 467.00 OK

Check Details

Version: 0.3.7
Check: tests
Result: ERROR
     Running ‘testthat.R’ [3m/30m]
    Running the tests in ‘tests/testthat.R’ failed.
    Complete output:
     > suppressPackageStartupMessages(library(testthat))
     > suppressPackageStartupMessages(library(pulsar))
     >
     > testthat::test_check("pulsar")
    
     *** caught segfault ***
     address 7, cause 'memory not mapped'
Flavor: r-patched-solaris-x86