Last updated on 2020-10-11 01:47:29 CEST.
Flavor | Version | Tinstall | Tcheck | Ttotal | Status | Flags |
---|---|---|---|---|---|---|
r-devel-linux-x86_64-debian-clang | 0.1.0 | 26.22 | 76.82 | 103.04 | OK | |
r-devel-linux-x86_64-debian-gcc | 0.1.0 | 18.28 | 58.34 | 76.62 | OK | |
r-devel-linux-x86_64-fedora-clang | 0.1.0 | 138.39 | NOTE | |||
r-devel-linux-x86_64-fedora-gcc | 0.1.0 | 146.20 | NOTE | |||
r-devel-windows-ix86+x86_64 | 0.1.0 | 70.00 | 114.00 | 184.00 | OK | |
r-patched-linux-x86_64 | 0.1.0 | 22.64 | 72.03 | 94.67 | OK | |
r-patched-solaris-x86 | 0.1.0 | 154.60 | OK | |||
r-release-linux-x86_64 | 0.1.0 | 22.93 | 71.46 | 94.39 | OK | |
r-release-macos-x86_64 | 0.1.0 | OK | ||||
r-release-windows-ix86+x86_64 | 0.1.0 | 53.00 | 128.00 | 181.00 | OK | |
r-oldrel-macos-x86_64 | 0.1.0 | OK | ||||
r-oldrel-windows-ix86+x86_64 | 0.1.0 | 60.00 | 99.00 | 159.00 | OK |
Version: 0.1.0
Check: compiled code
Result: NOTE
File ‘qrencoder/libs/qrencoder.so’:
Found no calls to: ‘R_registerRoutines’, ‘R_useDynamicSymbols’
It is good practice to register native routines and to disable symbol
search.
See ‘Writing portable packages’ in the ‘Writing R Extensions’ manual.
Flavors: r-devel-linux-x86_64-fedora-clang, r-devel-linux-x86_64-fedora-gcc