CRAN Package Check Results for Package qtl

Last updated on 2020-10-11 01:47:29 CEST.

Flavor Version Tinstall Tcheck Ttotal Status Flags
r-devel-linux-x86_64-debian-clang 1.46-2 82.15 383.53 465.68 OK
r-devel-linux-x86_64-debian-gcc 1.46-2 62.10 285.90 348.00 OK
r-devel-linux-x86_64-fedora-clang 1.46-2 568.57 NOTE
r-devel-linux-x86_64-fedora-gcc 1.46-2 572.94 OK
r-devel-windows-ix86+x86_64 1.46-2 175.00 488.00 663.00 NOTE
r-patched-linux-x86_64 1.46-2 75.52 363.22 438.74 OK
r-patched-solaris-x86 1.46-2 657.70 NOTE
r-release-linux-x86_64 1.46-2 75.41 362.83 438.24 OK
r-release-macos-x86_64 1.46-2 NOTE
r-release-windows-ix86+x86_64 1.46-2 147.00 590.00 737.00 NOTE
r-oldrel-macos-x86_64 1.46-2 NOTE
r-oldrel-windows-ix86+x86_64 1.46-2 171.00 413.00 584.00 NOTE

Check Details

Version: 1.46-2
Check: installed package size
Result: NOTE
     installed size is 11.6Mb
     sub-directories of 1Mb or more:
     R 1.7Mb
     contrib 3.8Mb
     doc 3.0Mb
     libs 1.6Mb
Flavors: r-devel-linux-x86_64-fedora-clang, r-devel-windows-ix86+x86_64, r-patched-solaris-x86, r-release-macos-x86_64, r-release-windows-ix86+x86_64, r-oldrel-macos-x86_64, r-oldrel-windows-ix86+x86_64