Last updated on 2020-10-11 01:47:29 CEST.
Flavor | Version | Tinstall | Tcheck | Ttotal | Status | Flags |
---|---|---|---|---|---|---|
r-devel-linux-x86_64-debian-clang | 1.3.0 | 109.82 | 105.31 | 215.13 | OK | |
r-devel-linux-x86_64-debian-gcc | 1.3.0 | 91.00 | 75.99 | 166.99 | OK | |
r-devel-linux-x86_64-fedora-clang | 1.3.0 | 288.53 | NOTE | |||
r-devel-linux-x86_64-fedora-gcc | 1.3.0 | 285.29 | OK | |||
r-devel-windows-ix86+x86_64 | 1.3.0 | 242.00 | 253.00 | 495.00 | OK | |
r-patched-linux-x86_64 | 1.3.0 | 104.00 | 103.24 | 207.24 | OK | |
r-patched-solaris-x86 | 1.3.0 | 253.40 | OK | |||
r-release-linux-x86_64 | 1.3.0 | 105.02 | 103.20 | 208.22 | OK | |
r-release-macos-x86_64 | 1.3.0 | NOTE | ||||
r-release-windows-ix86+x86_64 | 1.3.0 | 184.00 | 216.00 | 400.00 | OK | |
r-oldrel-macos-x86_64 | 1.3.0 | NOTE | ||||
r-oldrel-windows-ix86+x86_64 | 1.3.0 | 213.00 | 167.00 | 380.00 | OK |
Version: 1.3.0
Check: installed package size
Result: NOTE
installed size is 21.4Mb
sub-directories of 1Mb or more:
libs 21.1Mb
Flavors: r-devel-linux-x86_64-fedora-clang, r-release-macos-x86_64, r-oldrel-macos-x86_64