CRAN Package Check Results for Package quickPlot

Last updated on 2020-10-11 01:47:29 CEST.

Flavor Version Tinstall Tcheck Ttotal Status Flags
r-devel-linux-x86_64-debian-clang 0.1.6 19.34 172.52 191.86 NOTE
r-devel-linux-x86_64-debian-gcc 0.1.6 16.55 133.08 149.63 NOTE
r-devel-linux-x86_64-fedora-clang 0.1.6 244.54 NOTE
r-devel-linux-x86_64-fedora-gcc 0.1.6 233.97 NOTE
r-devel-windows-ix86+x86_64 0.1.6 47.00 206.00 253.00 NOTE
r-patched-linux-x86_64 0.1.6 22.84 160.39 183.23 NOTE
r-patched-solaris-x86 0.1.6 321.10 NOTE
r-release-linux-x86_64 0.1.6 19.33 161.15 180.48 NOTE
r-release-macos-x86_64 0.1.6 NOTE
r-release-windows-ix86+x86_64 0.1.6 30.00 180.00 210.00 NOTE
r-oldrel-macos-x86_64 0.1.6 NOTE
r-oldrel-windows-ix86+x86_64 0.1.6 36.00 136.00 172.00 NOTE

Check Details

Version: 0.1.6
Check: package dependencies
Result: NOTE
    Package suggested but not available for checking: 'fastshp'
Flavors: r-devel-linux-x86_64-debian-clang, r-devel-linux-x86_64-debian-gcc, r-devel-linux-x86_64-fedora-clang, r-devel-linux-x86_64-fedora-gcc, r-devel-windows-ix86+x86_64, r-patched-linux-x86_64, r-patched-solaris-x86, r-release-linux-x86_64, r-release-macos-x86_64, r-release-windows-ix86+x86_64, r-oldrel-macos-x86_64, r-oldrel-windows-ix86+x86_64