Last updated on 2020-10-11 01:47:29 CEST.
Flavor | Version | Tinstall | Tcheck | Ttotal | Status | Flags |
---|---|---|---|---|---|---|
r-devel-linux-x86_64-debian-clang | 1.5.0 | 5.69 | 74.18 | 79.87 | OK | |
r-devel-linux-x86_64-debian-gcc | 1.5.0 | 4.14 | 55.90 | 60.04 | OK | |
r-devel-linux-x86_64-fedora-clang | 1.5.0 | 105.57 | NOTE | |||
r-devel-linux-x86_64-fedora-gcc | 1.5.0 | 94.62 | NOTE | |||
r-devel-windows-ix86+x86_64 | 1.5.0 | 13.00 | 98.00 | 111.00 | OK | |
r-patched-linux-x86_64 | 1.5.0 | 4.87 | 69.93 | 74.80 | OK | |
r-patched-solaris-x86 | 1.5.0 | 131.40 | NOTE | |||
r-release-linux-x86_64 | 1.5.0 | 5.28 | 69.13 | 74.41 | OK | |
r-release-macos-x86_64 | 1.5.0 | NOTE | ||||
r-release-windows-ix86+x86_64 | 1.5.0 | 10.00 | 88.00 | 98.00 | OK | |
r-oldrel-macos-x86_64 | 1.5.0 | NOTE | ||||
r-oldrel-windows-ix86+x86_64 | 1.5.0 | 10.00 | 68.00 | 78.00 | OK |
Version: 1.5.0
Check: dependencies in R code
Result: NOTE
Namespace in Imports field not imported from: ‘psych’
All declared Imports should be used.
Flavors: r-devel-linux-x86_64-fedora-clang, r-devel-linux-x86_64-fedora-gcc, r-patched-solaris-x86, r-release-macos-x86_64, r-oldrel-macos-x86_64
Version: 1.5.0
Check: Rd cross-references
Result: NOTE
Undeclared package ‘PredictABEL’ in Rd xrefs
Flavor: r-devel-linux-x86_64-fedora-clang