CRAN Package Check Results for Package r2d2

Last updated on 2020-10-11 01:47:29 CEST.

Flavor Version Tinstall Tcheck Ttotal Status Flags
r-devel-linux-x86_64-debian-clang 1.0-0 2.97 34.48 37.45 NOTE
r-devel-linux-x86_64-debian-gcc 1.0-0 2.45 27.38 29.83 NOTE
r-devel-linux-x86_64-fedora-clang 1.0-0 54.47 NOTE
r-devel-linux-x86_64-fedora-gcc 1.0-0 52.57 NOTE
r-devel-windows-ix86+x86_64 1.0-0 7.00 60.00 67.00 NOTE
r-patched-linux-x86_64 1.0-0 3.20 33.07 36.27 NOTE
r-patched-solaris-x86 1.0-0 68.30 NOTE
r-release-linux-x86_64 1.0-0 2.92 33.10 36.02 NOTE
r-release-macos-x86_64 1.0-0 NOTE
r-release-windows-ix86+x86_64 1.0-0 7.00 50.00 57.00 NOTE
r-oldrel-macos-x86_64 1.0-0 NOTE
r-oldrel-windows-ix86+x86_64 1.0-0 6.00 53.00 59.00 NOTE

Check Details

Version: 1.0-0
Check: R code for possible problems
Result: NOTE
    conf2d.default: no visible global function definition for 'polygon'
    conf2d_int: no visible global function definition for 'contourLines'
    Undefined global functions or variables:
     contourLines polygon
    Consider adding
     importFrom("grDevices", "contourLines")
     importFrom("graphics", "polygon")
    to your NAMESPACE file.
Flavors: r-devel-linux-x86_64-debian-clang, r-devel-linux-x86_64-debian-gcc, r-devel-linux-x86_64-fedora-clang, r-devel-linux-x86_64-fedora-gcc, r-devel-windows-ix86+x86_64, r-patched-linux-x86_64, r-patched-solaris-x86, r-release-linux-x86_64, r-release-macos-x86_64, r-release-windows-ix86+x86_64, r-oldrel-macos-x86_64, r-oldrel-windows-ix86+x86_64

Version: 1.0-0
Check: Rd cross-references
Result: NOTE
    Undeclared package ‘gplots’ in Rd xrefs
Flavor: r-devel-linux-x86_64-fedora-clang