CRAN Package Check Results for Package rAmCharts4

Last updated on 2020-10-11 01:47:30 CEST.

Flavor Version Tinstall Tcheck Ttotal Status Flags
r-devel-linux-x86_64-debian-clang 1.0.0 9.62 58.65 68.27 OK
r-devel-linux-x86_64-debian-gcc 1.0.0 7.90 45.77 53.67 OK
r-devel-linux-x86_64-fedora-clang 1.0.0 88.38 NOTE
r-devel-linux-x86_64-fedora-gcc 1.0.0 88.57 OK
r-devel-windows-ix86+x86_64 1.0.0 20.00 64.00 84.00 NOTE
r-patched-linux-x86_64 1.0.0 9.11 56.84 65.95 OK
r-patched-solaris-x86 1.0.0 116.70 NOTE
r-release-linux-x86_64 1.0.0 9.26 56.85 66.11 OK
r-release-macos-x86_64 1.0.0 NOTE
r-release-windows-ix86+x86_64 1.0.0 20.00 75.00 95.00 NOTE
r-oldrel-macos-x86_64 1.0.0 NOTE
r-oldrel-windows-ix86+x86_64 1.0.0 17.00 75.00 92.00 NOTE

Check Details

Version: 1.0.0
Check: installed package size
Result: NOTE
     installed size is 10.9Mb
     sub-directories of 1Mb or more:
     htmlwidgets 9.5Mb
     super-tiny-icons 1.0Mb
Flavors: r-devel-linux-x86_64-fedora-clang, r-devel-windows-ix86+x86_64, r-patched-solaris-x86, r-release-macos-x86_64, r-release-windows-ix86+x86_64, r-oldrel-macos-x86_64, r-oldrel-windows-ix86+x86_64