CRAN Package Check Results for Package rTensor

Last updated on 2020-10-11 01:47:31 CEST.

Flavor Version Tinstall Tcheck Ttotal Status Flags
r-devel-linux-x86_64-debian-clang 1.4.1 9.30 39.78 49.08 OK
r-devel-linux-x86_64-debian-gcc 1.4.1 8.72 31.81 40.53 OK
r-devel-linux-x86_64-fedora-clang 1.4.1 72.36 NOTE
r-devel-linux-x86_64-fedora-gcc 1.4.1 67.55 OK
r-devel-windows-ix86+x86_64 1.4.1 17.00 64.00 81.00 NOTE
r-patched-linux-x86_64 1.4.1 10.32 38.60 48.92 OK
r-patched-solaris-x86 1.4.1 95.30 NOTE
r-release-linux-x86_64 1.4.1 10.76 38.91 49.67 OK
r-release-macos-x86_64 1.4.1 NOTE
r-release-windows-ix86+x86_64 1.4.1 15.00 76.00 91.00 NOTE
r-oldrel-macos-x86_64 1.4.1 NOTE
r-oldrel-windows-ix86+x86_64 1.4.1 18.00 58.00 76.00 NOTE

Check Details

Version: 1.4.1
Check: installed package size
Result: NOTE
     installed size is 6.1Mb
     sub-directories of 1Mb or more:
     data 5.7Mb
Flavors: r-devel-linux-x86_64-fedora-clang, r-devel-windows-ix86+x86_64, r-patched-solaris-x86, r-release-macos-x86_64, r-release-windows-ix86+x86_64, r-oldrel-macos-x86_64, r-oldrel-windows-ix86+x86_64