Last updated on 2020-10-11 01:47:29 CEST.
Flavor | Version | Tinstall | Tcheck | Ttotal | Status | Flags |
---|---|---|---|---|---|---|
r-devel-linux-x86_64-debian-clang | 1.3.4 | 17.21 | 124.57 | 141.78 | OK | |
r-devel-linux-x86_64-debian-gcc | 1.3.4 | 12.93 | 93.83 | 106.76 | OK | |
r-devel-linux-x86_64-fedora-clang | 1.3.4 | 165.79 | OK | |||
r-devel-linux-x86_64-fedora-gcc | 1.3.4 | 200.85 | OK | |||
r-devel-windows-ix86+x86_64 | 1.3.4 | 35.00 | 125.00 | 160.00 | OK | |
r-patched-linux-x86_64 | 1.3.4 | 11.12 | 113.55 | 124.67 | OK | |
r-patched-solaris-x86 | 1.3.4 | 218.10 | NOTE | |||
r-release-linux-x86_64 | 1.3.4 | 13.08 | 114.83 | 127.91 | OK | |
r-release-macos-x86_64 | 1.3.4 | OK | ||||
r-release-windows-ix86+x86_64 | 1.3.4 | 26.00 | 139.00 | 165.00 | OK | |
r-oldrel-macos-x86_64 | 1.3.4 | OK | ||||
r-oldrel-windows-ix86+x86_64 | 1.3.4 | 29.00 | 113.00 | 142.00 | OK |
Version: 1.3.4
Check: package dependencies
Result: NOTE
Package suggested but not available for checking: ‘pkgdown’
Flavor: r-patched-solaris-x86